 u - 472. Suppose 5*g - 29 = -5*x + z, 0 = -g - 4. What are the prime factors of x?
2, 3, 11
What are the prime factors of 192 + -3 + 0 + 5?
2, 97
What are the prime factors of (2409 - 24/3) + 2 + -4?
2399
Let s(l) be the first derivative of l**6/15 + l**4/12 - l**3/6 - 3*l**2/2 + 5. Let r(b) be the second derivative of s(b). What are the prime factors of r(1)?
3
Let n(b) = -74*b + 11. Let d be n(-5). Let k = 681 - d. List the prime factors of k.
2, 3, 5
Suppose -3*f = -2*h + 1180, h - 2*f + 6*f - 579 = 0. List the prime factors of h.
587
Let i(j) = j**3 - 36*j**2 + 50*j + 53. List the prime factors of i(36).
17, 109
Let a(s) = s**3 + 38*s**2 + 52*s - 9. List the prime factors of a(-14).
3967
Let t be ((-190)/57)/((-2)/36). What are the prime factors of (1 - -1)/(2/t)?
2, 3, 5
Suppose 12 = -4*r, -107 = -4*d - 3*r - 0*r. Suppose 5*w - 120 = -2*q - d, -2*q = 4*w - 94. What are the prime factors of q?
53
Suppose -5*r = 0, 5*v = 3*v + 4*r + 248. Suppose -5*p = v - 439. What are the prime factors of p?
3, 7
Suppose 4*i - 248 = 2*h, 3*i - h = 71 + 115. Let v = i + -12. Suppose -v = -4*d + 6. What are the prime factors of d?
2, 7
Let d(b) be the second derivative of -1/6*b**3 + 0 + 9*b**2 + 8*b. List the prime factors of d(0).
2, 3
Suppose 0 = -7*n + 12*n - 110. List the prime factors of 2 + n*(-55)/(-10).
3, 41
Suppose 0 = -7*a - 2*a + 1359. List the prime factors of a.
151
Let a = 48 + -27. Let d = -16 + a. List the prime factors of (-2 + 48/d)*5.
2, 19
Let d(h) = h**2 - 2*h - 7. Let t be d(5). Let q be (t/(-20))/((-3)/165). Let f = -4 + q. What are the prime factors of f?
2, 3
Suppose -5*k + 9812 = -4*g, 37*k + 1972 = 38*k - 4*g. List the prime factors of k.
2, 5, 7
Suppose -5*j - 49 + 219 = 0. Suppose 24 = -0*x + 3*x. Suppose -6*h = -x*h + j. List the prime factors of h.
17
Let b(u) = 4*u**2 + 54*u + 15. List the prime factors of b(-25).
5, 233
Let n be (-40)/15*12/(-16). List the prime factors of (((-6640)/25)/(-8))/(n/10).
2, 83
Suppose k - 2*i - 3*i + 28 = 0, -8 = 4*i. Let u = k - -80. What are the prime factors of u?
2, 3, 7
Suppose -d - 4*w + 3391 + 1682 = 0, -5*d - w = -25422. What are the prime factors of d?
3, 5, 113
Suppose 2*g + 196 - 694 = -2*c, -2*c = -5*g + 1280. Suppose -2*k - 4*v = -0*v - g, 617 = 5*k + v. What are the prime factors of k?
3, 41
Let g = -670 + 864. List the prime factors of g.
2, 97
What are the prime factors of 57 - 4/8*10?
2, 13
Suppose g = -t, -3*t - 7 = -g + 9. Suppose 2*v - p - 18 = 0, -5*p - 191 + 181 = 0. List the prime factors of 4 - (v/g + -17).
19
Suppose -2*u - 3*d + 5153 = 0, 53*u - 2579 = 52*u - d. What are the prime factors of u?
2, 17, 19
Let u(a) = a**3 + a**2 - 2*a. Let x be u(2). Let o(r) be the first derivative of 7*r**2/2 - 7*r + 1. List the prime factors of o(x).
7
Suppose 5*d = 5*z + 10, -d + 19 = 3*z + 1. Let w be ((-176)/(-48))/((-2)/d). Let y = w - -14. List the prime factors of y.
3
Suppose 7*w - 3*w - 12 = 0, 2*p + 14 = -4*w. Let o(r) = -5*r + 2. What are the prime factors of o(p)?
67
Let x = 54 - 30. Suppose 23*b - x*b = -61. What are the prime factors of b?
61
Suppose 5*k - 5*j = 45, j + 3*j - 62 = -3*k. What are the prime factors of k?
2, 7
Let p = 62 + -67. What are the prime factors of (12/(-15))/(1/p) + 69?
73
Suppose 4*q + 140 = x, 5*q + 3*x + 154 = -x. Let n(y) = -y - 2. Let i be n(-6). List the prime factors of (i - 3)*(3 - q).
37
Suppose 5*v - 3779 - 56 = 0. Let m = v + -474. List the prime factors of m.
293
Suppose -12 = 4*l - l, -5*s - l + 21 = 0. Suppose -5*u - t + 6*t = 495, -s*t = 4*u + 351. Let x = -64 - u. What are the prime factors of x?
2, 3, 5
Let d(y) = -3*y**3 - 2*y**2 + 5*y - 12. What are the prime factors of d(-5)?
2, 3
Let i(y) = -y**2 - 79*y - 63. What are the prime factors of i(-43)?
3, 5, 11
Suppose -6*a + 201 = -93. Suppose -a - 255 = -4*v. List the prime factors of v.
2, 19
Suppose 0 = 2*j + 4*k - 306, 3*j - 7*k - 427 = -5*k. List the prime factors of j.
5, 29
Let p = -2 - -7. Suppose z + 5*r = -z + 189, -426 = -p*z + 3*r. Suppose 5*u + 7 = z. List the prime factors of u.
2
Let z(o) = 54*o**2 + 25*o - 68. What are the prime factors of z(5)?
3, 7, 67
Suppose 0 = 5*d + 11 - 21. Let l(f) = 41*f + 6. List the prime factors of l(d).
2, 11
Suppose 4*p - 2*w - 825 = 3*w, 0 = -w - 1. Suppose -4*v + 51 + p = 0. Suppose 3*f + 1 = v. List the prime factors of f.
3, 7
What are the prime factors of -101 - -103 - -1*(408 + 1)?
3, 137
Let c(v) = -2274*v**3 - v**2 + 1. Let u be c(-1). Let q = u - 3338. What are the prime factors of 2/(-11) + q/(-44)?
2, 3
List the prime factors of (-40)/32 - (-12825)/20.
2, 5
Suppose -3*g = -i - 2095, -709 = -g - 0*g + 3*i. List the prime factors of g.
17, 41
Let w = -97 + 1971. List the prime factors of w.
2, 937
Let q be (-16)/12 + (-2)/3. Let u be (3 + -7)/(q/(-20)). Let h = -16 - u. List the prime factors of h.
2, 3
Let i(g) = -11*g**2 - 31*g + 21. Let a(v) = -5*v**2 - 15*v + 11. Let m(f) = -9*a(f) + 4*i(f). What are the prime factors of m(7)?
3, 37
Let l(j) = 5*j**2 - 3*j + 17. What are the prime factors of l(4)?
5, 17
Suppose -8*y - 170 = -10*y. Let b = y + -33. What are the prime factors of b?
2, 13
Let s = 444 + 19. Let x = -175 + s. Suppose 0*v = 4*v - x. List the prime factors of v.
2, 3
Let p = 31 - 48. Suppose 17*a + 387 = 30. Let m = p - a. What are the prime factors of m?
2
Let q = 228 - -31. Let i = -126 + q. What are the prime factors of i?
7, 19
Let j(x) = 41*x**2 + 6*x + 1. List the prime factors of j(-4).
3, 211
Suppose 0 = -3*t + 23 + 37. What are the prime factors of 1341/5 + (-4)/t?
2, 67
Let d(c) = -c**3 - 6*c**2 + 6*c + 9. Let p be d(-6). What are the prime factors of 3/p*2 - (-956)/9?
2, 53
Suppose 0 = -4*x + l + 2*l + 254, 3*x + 5*l = 205. List the prime factors of x - 4/(-20)*-5.
2
Let u = -719 + 816. What are the prime factors of u?
97
Let z be (-113)/(60/(-55) + 1). Suppose -103 = 4*y - z. List the prime factors of y.
3, 5, 19
Let t(f) = 3*f**2 + 2*f + 21. Let p be t(-7). Let u = p - 90. List the prime factors of u.
2
Let b be (-510)/(-8) + 81/(-108). Suppose -b*r + 56*r + 994 = 0. What are the prime factors of r?
2, 71
Let g(m) = m**3 + 11*m + 2. Let d be g(5). Suppose -d = -2*b - 5*b. Suppose -v + 64 = b. List the prime factors of v.
2, 19
Let k(l) = -6*l**2 + 6*l + 11. Let o(y) = -7*y**2 + 5*y + 10. Let h(f) = -4*k(f) + 3*o(f). Let w be h(8). Suppose c = -c + w. List the prime factors of c.
53
Suppose 15*z + 11955 = 30*z. What are the prime factors of z?
797
Suppose 0*z = 4*b + 2*z - 24, b = -2*z. Let q = b + 73. What are the prime factors of q?
3
Let u(h) = 4*h**2 - 2*h**2 - 2*h + h + 23 - 21*h. What are the prime factors of u(15)?
11, 13
Suppose 9*i = 6*i + 24. Let j(z) = z**3 - 7*z**2 - 13*z + 11. Let s be j(i). Let m = 53 + s. What are the prime factors of m?
2, 3
List the prime factors of (65124/567)/((-3)/(-14)).
2, 67
Suppose 0 = -5*s + 3*q + 241, -q + 4 = 4*s - 199. List the prime factors of s*(-4)/30*-3.
2, 5
Let f(c) be the first derivative of 8*c**2 + 3*c - 15. What are the prime factors of f(2)?
5, 7
Let k(z) = z**2 - 2*z. Suppose 0*b - 3*i = -4*b, 4*i = -2*b - 22. Let v(u) = -3*u - 3. Let s be v(b). What are the prime factors of k(s)?
2, 3
Let g(c) = -2*c**3 - 4*c**2 - 3*c - 2. Let d be g(-2). Suppose 5*a - z = 6 - d, -2*a - z = -5. List the prime factors of -2*(a - 0) + 20.
2, 3
Suppose -128*o - 7695 = -131*o. What are the prime factors of o?
3, 5, 19
Suppose -246*f = -242*f - 10888. What are the prime factors of f?
2, 1361
Suppose -41*s = -37*s. Suppose s = 2*v - 2*q + 5*q - 603, 0 = -v + 5*q + 269. List the prime factors of v.
2, 3, 7
Let x(d) = 2*d**2 + d + 2. Let q be x(-1). Suppose 4*m = -4*g + 324, -60 = -g - q*m + 21. List the prime factors of g.
3
Let g be 2/8 + (-1611)/(-4). Let v = -230 + g. List the prime factors of v.
173
Let s(c) = -c - 6. Let m be s(-1). List the prime factors of (-4 + (1 - 2))*94/m.
2, 47
Let p be 1159/(-6) + 5/30. Let k = -129 - p. List the prime factors of k.
2
List the prime factors of (-7832)/(-7) + (-120)/(-840).
3, 373
Let v(q) = q**3 - q**2 + 1. Let z(b) = -5*b**3 + 11*b**2 + b - 15. Let y(g) = 6*v(g) + z(g). List the prime factors of y(-4).
3
Suppose -d + 997 = 311. What are the prime factors of d?
2, 7
Let r be 67/2 - (-5)/(-10). Suppose -4*h - 15 = r.